5) + (-92 - -39 - -66).
-30
14 - (58 - (-8 - -1))
-51
What is (-3 - -5) + 47 - (-161 - -182)?
28
(19 - (146 - 82)) + -29
-74
What is the value of -110 + 125 + (-16 - -3) + (1 - -9)?
12
What is -1 - (-2 + 1 - -15 - (-916 + 932))?
1
What is (-1 + -3 - (-5 + -2 + -4)) + 12 + 6?
25
What is the value of 71 + -89 - 43 - 14?
-75
What is 7 + (-32 - (65 - 139))?
49
Calculate -14 + (9 + 0 - -13) + (-54 - -102).
56
What is the value of 52 + -45 + -49 + 31?
-11
Calculate (-1209 - -1129) + (11 - -86).
17
Evaluate ((14 - 5) + -5 - 6) + -3 + -21.
-26
What is 26 - (60 - 30) - (41 + -3)?
-42
What is -19 + (-35 - (12 - -41 - 10))?
-97
What is 0 + 27 - -3 - -3 - (-872 - -872)?
33
Calculate -124 - -107 - (1 - (-1 - -9) - -1).
-11
69 + (-59 + -53 - -37)
-6
-9 - (((-29 - -5) + 14 - 49) + -2)
52
Calculate (-26 - (48 + -42 + -77)) + -88.
-43
Calculate -3 + -90 + 14 + -53 + 76.
-56
-1 - (71 + -63 + 2)
-11
Calculate -8 + (-14 - -24 - 29) - -26.
-1
Evaluate (128 - 143 - (-2 + -1)) + (2 - -125) - 4.
111
-66 - (-20 - (-93 + 150))
11
Evaluate 1 - 20 - (-2755 - -2718).
18
Evaluate (-11345 - -11360) + (2 - 1) + -111 + 0.
-95
Evaluate 11 + (-8 - 2) + 7 - (3 - 6 - 105).
116
Calculate (-26 - -34 - (7 - 1)) + -28 + 18 + 0.
-8
What is 28 + (-112 - -28) - (-22 + 0)?
-34
What is the value of -11 + 13 + -14 + 17 + 8 + -9?
4
What is the value of -4 - 1 - (-16 - -1) - (-180 - -182) - -14?
22
What is the value of 1932 + -1907 + 1 + -19?
7
What is (9 - (18 + (14 - 25))) + -22 + 9?
-11
Evaluate 17 - (-1 + -4 + -6 + -50) - 24.
54
What is the value of (-212 - -345) + (11 - 81)?
63
What is the value of (16 - -2) + -290 + 265 - -33?
26
Calculate (-18 - (9 - 8)) + 31 + -123 + -2.
-113
48 - (31 + (38 - -56))
-77
(3 - 1) + 166 + (40123 - 40144)
147
What is (10 - -2) + (-52 - (65 + -109))?
4
Evaluate -130 + 264 - 118 - (0 + -12).
28
-9 + -6 + (8 - (28 + -4 + -15 + 10))
-26
Calculate -3 + 1 + -1 + (36 - 39 - 38).
-44
Calculate (-203 - -207) + (-28 - -16).
-8
Calculate 21 - -48 - 77 - (-1 + -1 - (-6 + -30)).
-42
What is 14 - 7 - (-215 - -247)?
-25
Calculate (118 - 149) + (1 - (3 + (-5 - -1))).
-29
Calculate (26 - 12 - 19) + -142 + (-13 - -17).
-143
Calculate 5 - (-5 + -3 + 29) - ((51 - -21) + -68).
-20
99 + (-8 - (19 - 13)) - (-1 - -6)
80
What is 1572 + -1577 - (34 - (-4 + 4))?
-39
Calculate (331 - 304) + (0 + 1 - 2 - -7).
33
What is -6 + 23 + -28 + (-40 - -5)?
-46
Evaluate (36 - 2) + (47 - 260) + 109.
-70
-46 - (-12 + 3 + -11 + 15 - 0)
-41
Evaluate 11 + (8 - 14) + 24 - (4 + -4 + -9).
38
1 + (64 - 2) + 10235 + -10212
86
Evaluate -9 + (-55 - (-11 + 7 + -9) - (1 - -9)).
-61
Calculate -5 + -6 + 8 + -6 + (-13 - -9) + -9.
-22
What is (-6 - ((17 - 23) + 15)) + 15?
0
What is the value of -21 + (-127 - -136 - (-2 - -27) - -3)?
-34
What is (2 - 4) + -290 + 296?
4
69 + (-57 - (121 + -83))
-26
51 + (-13 - (-20 - -1)) + -19 + 1
39
Evaluate -8 + 21 + -8 - (17 - 104 - 41).
133
Calculate 268 + -327 + (2 + -5 - 5).
-67
Evaluate -22 + -10 + (-12 - (-17 - 19)).
-8
9 - ((0 - -6) + (13 - 27 - -4) + 30)
-17
Calculate (6 - 46) + (53 - -44) + -128.
-71
Calculate (5808 - 5971) + 1 + 114.
-48
Evaluate 0 + -107 + (373 - 337 - (2 + 27)).
-100
Evaluate 136 - 1 - (-22474 - -22462).
147
What is -301 + 292 + 1 + 86 - (-3 + 1 + -2)?
82
-20 + -50 + -28 + 47
-51
5 - (34 - (20 + 29))
20
What is the value of 101 - 77 - (2 + 58)?
-36
51 - (51 - (17 - 10))
7
15 - 8 - 36 - -11
-18
What is (19 - 79) + -11 + (4 + -4 - -4) + 4?
-63
Calculate (21 + -13 - ((12 - -16) + -16)) + -14.
-18
Evaluate (-11 - -28) + -32 - -90.
75
Calculate (50 - 50 - -14) + (-51 - 1).
-38
Evaluate 22 + 23 + (26 - 47).
24
Calculate -90 - (109 + -158) - -47.
6
What is the value of (-4 - (-1 - -1)) + (-55 - (0 + -12 + 2))?
-49
Evaluate -22 + -14 - (10 - -3 - 11).
-38
Evaluate 90 - ((-45 - -142) + 74).
-81
Evaluate 0 + 0 + -18 + (-2707 - -2731).
6
What is 60 + -81 - (24 + -35 + 26)?
-36
3 - 68 - ((43 - 36) + -7)
-65
What is the value of (-11 - (-13 - -3) - -6 - 6) + 37?
36
What is the value of -1 + 2 + 4 - (-22816 - -22828)?
-7
Evaluate -48 + 1 + -3 + 3 + (-29 - -43) + -18.
-51
What is 0 - (19 - (0 + -4 + -16 + 7 + 8))?
-24
What is the value of (378 - 434) + (3 - 6)?
-59
What is the value of (-5 - (1 - -8)) + (-34 - -28) + 165?
145
Calculate (-43 - -39) + -14 - -1.
-17
Evaluate (72 - (-97 - -168)) + 42.
43
What is -28 + 9 - (-55 - (-14 - 16))?
6
What is (-6 - -2) + -2 + -47 + 20 + 29 + 58?
54
Evaluate 37 + 0 - (18 + -23 + (-1 - -13)).
30
Evaluate 20 + 83 + (-55 - -9).
57
What is the value of -32 + 39 - (8 + -11 - (-4 + -11))?
-5
Calculate 94 + -89 + (-3 - (2 - 3 - 66)) - 2.
67
Evaluate 112 + (-17 - 70) - (13 - -1).
11
What is 121 + -285 + 199 + (-142 - 1)?
-108
Evaluate (0 - 1 - (1 + 1) - 6) + 212 + -236.
-33
49 + (73 - 23) + -51
48
What is (69 - 0) + (22 - (10 + 25) - -22)?
78
(-1 - -2 - -14) + (21 - -18) + -11
43
12 + 39 - (163 - 160)
48
What is -3 + (-22 - 11 - -9) + 9 + 25 + -27?
-20
What is 38 + (12 - 71) + 61?
40
Evaluate -38 - (-23 + (3 - -1) + 10 - 9).
-20
-3 + -62 + (-13 - ((-14 + 15 - 10) + -6))
-63
(-41 - 16 - -28) + -8
-37
(-219 - -240) + -40 - (0 - -6)
-25
What is 5 + (-5 - (-11 - -39))?
-28
Calculate -13 - (23 + -9 + -14) - -90.
77
Calculate -41 + -6 - (24 - (56 - -11)).
-4
What is 89 + -2 + -128 + 36?
-5
What is the value of -72 + 74 + 46 + -5 + 14?
57
What is the value of 0 + 200 + 21 + -121?
100
What is the value of 15 + 1 + (-3 - -12) - (14 - 7)?
18
Calculate 37 + (-78 + 80 - -21).
60
-17 - (-29 - (-26 - -15)) - (-91 - 0)
92
What is the value of -32 + -1 + (10 - ((17 - 32) + 23))?
-31
What is 85 + (-5 - (16 + 14 - 20))?
70
-23 + (41 + 5 - 41)
-18
Calculate (1 - 13 - (-33 + 13 - -23)) + -5 + -9.
-29
What is (-2 + -1 - (-34 - -1)) + -274 + 271?
27
Calculate -1 + 8 - (49 + (15 - (-8 + 16)) + 8).
-57
What is 78 - (-4 - -11) - (59 - 40)?
52
Evaluate 2 + 3 - (-12 - (-21 - (1 + -18))) - 56.
-43
What is the value of -15 - 0 - (-13 + 45 - 21)?
-26
Evaluate 84 - (128 + 54) - -30.
-68
Evaluate 3 + -4 + (-7 + 14 + -9 - 0) - 89.
-92
Calculate (-49 - 44) + 22 + -3 + -2 + 1.
-75
What is -5 + 4 - 6 - (-54 - -52) - 70?
-75
What is (16 - (20 + (-13 - 10))) + -13?
6
Evaluate 4 + 13 + -10 - (-3 - (-13 - 0 - -7)).
4
(-22 - -23) + 0 + 0 + -50 + 6
-43
Evaluate -3 - (-39 + 81 + -50).
5
Evaluate -11 + (-20 - (-6 - 5)) + (6 - 5).
-19
Evaluate -4 - (-8 - ((4 - 9) + -19)).
-20
What is the value of -11 - -14 - (-66 - (-6 + -4) - -18)?
41
Calculate (0 - 64) + -10563 + 10613.
-14
14 - (57 + 81 + -46)
-78
-17 - (3 - 5) - ((-163 - -76) + 117)
-45
-18 - (59 + -27 + 21)
-71
What is the value of -24 + -1 + 1 + -275 + -36 + 296?
-39
Evaluate (-1 - (6 + -18)) + (-30 + 20 - -8).
9
Calculate (2 + -12 - (-37 + (-19 - -50))) + -8.
-12
What is -1 + 1 + 2 + (246 - 517) + 315?
46
Calculate -42 + (12 - ((-6 - (-18 + 0)) + -17)).
-25
Evaluate (0 + 8 - (25 - (94 + -58))) + -12.
7
What is the value of 635 + -646 + (145 - 2 - (-4 + -2))?
138
What is the value of (8 - (1 + 4 + -5 + 18) - -44) + 7?
41
29 + -2 + (-87 - -74)
14
Calculate 24 - 4 - (-47 + 50 + 8).
9
What is the value of (82 - 78) + 2 + 7?
13
What is (-17 + -12 - -4) + 20 + (-3 - -1) + -7?
-14
What is the value of (-17 - 27) + (-19 + 6 - 1) + 2 + 2?
-54
What is -10 + (-8 - 17) + -3 + 3 + -6?
-41
Evaluate (-10 - (19 - 17)) + -7 - (0 - 44).
25
What is 118 - (-8 - (-16 - -47) - -42)?
115
Evaluate (8 - 6) + -60 - (-26 + (-7 - -27)).
-52
Calculate -23 + 16 + (-1 - -2) + -23.
-29
Calculate (-6 - -100) + (13 + -16 - (-8 - -1 - -14)).
84
What is 11 + (-17 - -1 - (-26 + 10 - (8 + -14)))?
5
What is -41 + -7 + -26 + 76 + (2 - 113)?
-109
53 - (-7 - -49) - (-3 - -1)
13
Calculate 1126 + -1133 + (0 + (-1 - -83) - (66 + -65)).
74
What is 28 + 0 + (-455 - -427) + (-43 - -2)?
-41
41 + (-29 - 10) + 22
24
What is -8 + (-1 - -6) + 3 + 39 + 4?
43
What is the value of (0 - -1) + -7 - (918 + -918) - (32 + -3)?
-35
-105 - (-20 - (50 + -67 + 24))
-78
Calculate -48 + (-1 - (-22 - (-15 - 0))) + -6.
-48
What is (-3 - (-4 + -1)) + 13 + -2 - 74?
-61
Evaluate 1 + (18 - 21) + 13 + (-3 - -1) + 54.
63
What is the value of -34 + 0 - ((-160 - -159) + 1 + 13)?
-47
(-66 - 32) + (-626 - -641)
-83
What is (1 + -8 + 4 - 0) + (71 - (2 + 9))?
57
What is 229 + -155 + (-48 - 6)?
20
Calculate 162 - (4 - -200 - 106).
64
What is 2 + -105 + -3 + (93 - (-71 + 149))?
-91
Evaluate -40 - 